/(-2) composite?
True
Let w(p) = 8*p**2 - 7*p + 1. Let g be (3 - (-20)/(-8))*-8. Is w(g) composite?
False
Suppose 2954 = 2*j - 2*b, -5*j = 2*b - 5566 - 1819. Is j composite?
True
Let j = 11 + -8. Suppose -2*q + j*q = 2. Suppose 0 = z - q - 45. Is z prime?
True
Let q = -3 - -6. Let f(s) = 5*s**3 - 5*s**2 - 1 - s + 2*s - 3*s**q - 4*s. Is f(4) a composite number?
True
Let m = -15 - -6. Let n = 9 - m. Let q = n + -3. Is q composite?
True
Is 3/(-4) - (-330)/24 a composite number?
False
Let o(w) = -w**3 - 4*w**2 + 5*w + 3. Let b be o(-5). Is -3 + 10 + b + 0 composite?
True
Let m(h) = -h**3 + 9*h**2 - 4*h - 5. Let f be m(8). Suppose -4*s = -s - f. Is s composite?
True
Is -2 + 5 + (-1588)/(-2) prime?
True
Let z be 1/(1/(-10)*-2). Let g be (-96 + -8)*(-2)/4. Suppose 0 = q + s - g, -q = -z*s - 22 - 48. Is q a composite number?
True
Let j(y) = y**3 - y**2 - 1 + 0 - 8*y**2 + 7*y. Let p be j(6). Is 4 + -3 + -3 - p prime?
False
Let r(g) = 7 + 0*g + g**2 - 5 + 9*g. Let s be r(-9). Suppose o + 115 = s*o. Is o composite?
True
Let w be 1/(3/(-1) - -2). Is (-11)/(-1) - (w - -2) a prime number?
False
Suppose 2*j - 5*j = d - 1507, 3*j + 5*d - 1523 = 0. Is j prime?
False
Let w = 51 + -30. Suppose 3*u = 4*q - 5, q - 2 = -0*q + u. Is (w/(-3))/q + -1 a composite number?
True
Let w(h) = h**3 - 5*h**2 - 10*h + 1. Is w(9) a prime number?
False
Let p = -23 - -38. Is p prime?
False
Let s(g) = 127*g**2 - 3*g + 17. Is s(3) composite?
False
Let k be 17/3 - (-12)/(-18). Suppose 0 = -3*p + 390 + 135. Suppose -z = 4*d - 146, k*d + 4*z + z - p = 0. Is d composite?
False
Let a(u) = u**3 + 4*u**2 - 4*u - 3. Let c be a(-4). Is 41/c - (-6)/(-39) a composite number?
False
Let s(g) = -g**2 - 8*g - 2. Let z(b) = -3*b**2 - 24*b - 6. Let j(c) = 8*s(c) - 3*z(c). Let l be j(-8). Suppose -l*p + 308 = 2*p. Is p prime?
False
Suppose -2*f + 2 = -x + 26, x + 5*f = 24. Is 822/x - (-2)/(-8) a composite number?
True
Let t = -3 + 3. Let c = -1 - -1. Suppose 3*w = -t*w + 4*k + 86, c = -2*w - 3*k + 29. Is w prime?
False
Let x(i) = -i + 7. Let y be x(4). Suppose 0 = -y*z + 3*v + 24, -3*z = -4*v - 19 - 8. Suppose -z*o - 10 = w + 4*w, 5*o + w = 10. Is o prime?
True
Suppose m - 4*m + 549 = 0. Is m composite?
True
Suppose -2*u + 1 - 3 = 0, 4*z - 3*u + 101 = 0. Let i = -17 - z. Let c = i + 6. Is c a composite number?
True
Is (1 - -372) + 1 + 3 a prime number?
False
Let q(w) = -3*w - 4. Suppose -y = 2*y + 24. Let v be q(y). Let s = v - -3. Is s composite?
False
Let l(k) = 4*k**2 - 1. Is l(-2) composite?
True
Let b be 3 - 1*(-2 + 2). Let f = 56 + -81. Is b/5 + (-5210)/f a prime number?
False
Let d = -20 + 60. Let b = d + 93. Is b a prime number?
False
Suppose -2*l + 5 = 3*q - 3*l, 0 = -4*q + 4*l - 4. Suppose 4*f + 13 = -q*k, 0*k + 3*f - 13 = k. Let t = k + 56. Is t a prime number?
False
Suppose 5*i = -4*u + 627, -5*u + 662 = -u - 2*i. Is u prime?
True
Let k = 357 - 226. Is k composite?
False
Suppose 5*u = 20, 3*j = -5*u + 72 + 38. Suppose q + 0*q + 5*p - 16 = 0, 2*q + 3*p - 39 = 0. Suppose -3*w - m = -98, 4*m - q - j = -w. Is w prime?
True
Suppose -2*f + 67 = 4*z - 103, 5*f - z = 414. Is f composite?
False
Is ((-1487)/(-35) - (-4)/(-14))*5 prime?
True
Suppose 0 = -3*p + 288 + 1029. Is p a prime number?
True
Let g be 1*2/4*8. Suppose 3*p - 292 = -5*q, -q - g*p - 240 = -5*q. Is q composite?
False
Suppose -3*m - k + 12 = 0, -7 = -2*m - 2*k + k. Suppose m*l + 5 = 20. Suppose -l*n + 87 = -30. Is n a prime number?
False
Is (2278/51)/(2/21) a composite number?
True
Let l = 7 - 4. Let j(p) = 11*p**2 - p. Let n be j(-2). Suppose -g = -l*g + n. Is g a composite number?
False
Let t = 713 - 409. Suppose 4*w - t = 2*n, -w + 78 = 2*n - 3. Is w a composite number?
True
Suppose -5*q - 12566 + 39221 = 0. Is q composite?
True
Suppose -t + m + 16 = -6, 2*t = 5*m + 53. Is t a composite number?
False
Is 1473 - 3/((-3)/(-2)) a prime number?
True
Suppose 15858 = -23*d + 29*d. Is d prime?
False
Suppose 597 + 880 = u. Is u a prime number?
False
Let v(o) = -o**3 - 6*o**2 + 7*o - 6. Let h be v(-7). Let a be h*((-5)/(-2) - 3). Is (-718)/(-8) - a/4 prime?
True
Let f be (-3)/(3*3/42). Is (f/8)/((-5)/100) composite?
True
Let q(c) = c + 9. Let p be q(-11). Is 2/(-4) + (-679)/p composite?
True
Suppose -3*f - 2*f + 3415 = 0. Suppose b + 4*z + 190 = f, 1445 = 3*b - 5*z. Is b a composite number?
True
Suppose -5 = 5*s - 15. Let k(u) = u - 6. Let n be k(8). Suppose a = s*a + h - 29, -3*a - n*h = -91. Is a composite?
True
Suppose -4*s + 2*s = -10. Suppose 3*o = 2*o - s*i + 79, 263 = 3*o + 2*i. Is o composite?
False
Let c = 40 + 135. Is c + 7/((-7)/(-4)) a composite number?
False
Suppose 5*m + w - 348 = 203, 0 = -w + 1. Suppose -k = -3*k + m. Is k a composite number?
True
Let z(d) = 6*d**2 + 8*d + 10. Let s(c) = -5*c**2 - 8*c - 10. Let x be 2/1 - 0 - 7. Let g(a) = x*s(a) - 4*z(a). Is g(-8) a prime number?
False
Let w = 194 - -153. Is w composite?
False
Let v = -10 + 12. Let p(j) = 64*j**2 - 3*j + 3. Is p(v) prime?
False
Suppose 0 = -2*s - 3*a + 15, -5*s - 3*a + 4 + 20 = 0. Suppose 0 = -2*g - 4*c + 26, -s*c + 9 = -4*g + 116. Let l = g - -32. Is l composite?
True
Suppose 0*l = l + s - 530, 0 = 3*l - s - 1578. Is l prime?
False
Let r(j) = -150*j - 7. Is r(-3) a composite number?
False
Suppose -17*i = -14*i - 13263. Is i a prime number?
True
Let o be (-4)/16 + 274/8. Suppose -2*p + o = -34. Is p*1/(-2)*-5 a prime number?
False
Suppose -29 = -4*o + 3*f, -4*o - 3*f + 2*f + 17 = 0. Suppose 2*w - 399 = -v, o*w = -4*v + 469 + 1124. Is v prime?
True
Let u(c) = -c + 1. Suppose 0 = -0*b + b. Suppose 4*y - 18 = 5*l, -2*l + b*y + 3*y - 3 = 0. Is u(l) prime?
True
Suppose 0 = -4*g + 4*h + 6612, -4*h + 3065 + 1908 = 3*g. Is g prime?
False
Let n(s) = s**2 + 3*s - 5. Let r be n(-5). Suppose -3*o - 50 = 3*u - 329, u - 81 = r*o. Is u prime?
False
Let i(s) = s**2 + s - 1. Let l be i(2). Suppose 0 = -5*x + l*b + 255, 2*x - 2*b = -b + 98. Is x a composite number?
False
Let z = -653 - -1522. Is z a composite number?
True
Let h = -82 + 173. Is h a prime number?
False
Is (0/3)/1 - -257 a composite number?
False
Suppose -4*p + 2*x + 7070 = -3106, -5*p = -5*x - 12725. Is p a prime number?
True
Suppose 0 = 2*d + y - 52, -3*d + 5*y + 78 = -0*d. Let c = d + -7. Is c prime?
True
Suppose 1382 = 3*s + 269. Is s composite?
True
Let t(a) = 30*a + 1. Let k be t(3). Let i = k - 45. Suppose 3*d - i = d. Is d a prime number?
True
Suppose 30 = k + 4*l + l, 0 = -3*l + 9. Suppose 2*h = -k + 1. Let x(n) = -n**3 - 6*n**2 - n - 3. Is x(h) a prime number?
True
Let u = 710 - 307. Is u prime?
False
Let v(u) = u**3 - u**2 - u + 1. Let d be v(2). Let l = 0 + 2. Is l/d*21/1 prime?
False
Suppose 0 = -2*i - 3*i + 585. Suppose -4*r - 137 = -2*n + i, 226 = 2*n + 3*r. Is n prime?
False
Suppose 4*n - 3*n + 3*u - 223 = 0, 0 = -3*n - 5*u + 653. Is n composite?
False
Suppose 3*z + u = 4, -2 - 3 = u. Let h = z + 0. Suppose -h*p + 211 = -7*y + 2*y, -61 = -p + 4*y. Is p prime?
False
Let t = -43 - -17. Let k = 172 - 109. Let u = t + k. Is u a prime number?
True
Is 6051*(3 + 4 + 20/(-3)) a prime number?
True
Let c(h) = -h**3 - h + 1. Let w be c(0). Suppose p = w + 2. Suppose p*i - 9 = 2*u - 32, 3*i = -u + 16. Is u composite?
False
Suppose -5*o + 2*u + 7 = 0, 0 = 2*o - 2*u + u - 3. Let x(z) = 54*z**3 - 2*z**2 + z. Is x(o) a composite number?
False
Suppose 14*z - 564 = 5302. Is z prime?
True
Let z = 17 - 12. Suppose 8 = 2*g - 3*i - 62, -175 = -z*g + 5*i. Is g composite?
True
Let p(x) = 2*x**2 + 3*x + 7. Is p(-8) prime?
False
Suppose -918 = 8*r - 11*r. Suppose -389 = -3*m + 2*d, -d - r + 937 = 5*m. Is m a composite number?
False
Suppose 3*w = 0, -36 = -4*s - w - w. Suppose 5*n - 1 = s. Suppose -41 = -4*j - 4*c + 115, -n*j - 3*c = -82. Is j prime?
False
Let v = -750 + 510. Let q = v + 355. Is q prime?
False
Suppose 14*x - 5*x = 3771. Is x prime?
True
Let j(p) = 8 + 17*p**3 + p - 15*p**3 - 11*p**2 + 1 + 0. Is j(8) a composite number?
False
Let i be ((-30)/(-20))/((-6)/40). Let h(t) = 0 + t + 7 - 4*t. Is h(i) a prime number?
True
Let o = 8 - 5. Suppose 5*r = -5*g + 240, -o*g - r + 157 = 11. Is g a composite number?
True
Is (-254 - 0)*(-2)/4 prime?
True
Let r(s) be the second derivative of s**4/12 - s**3/6 + 9*s**2/2 - 5*s. Is r(-7) a prime number?
False
Suppose -4*w - 8 = 52. Let m = 1 + w. Is (m/3)/((-4)/12) a pri